{"id":108,"date":"2019-03-25T16:31:34","date_gmt":"2019-03-25T16:31:34","guid":{"rendered":"http:\/\/agence-evenements.fr\/?page_id=108"},"modified":"2020-02-28T18:13:17","modified_gmt":"2020-02-28T18:13:17","slug":"bienvenue","status":"publish","type":"page","link":"https:\/\/pascaleconettaevents.com\/","title":{"rendered":"Bienvenue dans mon univers"},"content":{"rendered":"\r\n<p style=\"text-align: left;\">&nbsp;<\/p>\r\n<p style=\"text-align: left;\"><span style=\"font-size: inherit;\"> <img loading=\"lazy\" decoding=\"async\" class=\"wp-image-741 alignleft\" src=\"http:\/\/agence-evenements.fr\/wp-content\/uploads\/LOGO-PASCALE-CONETTA-208x300.jpg\" alt=\"\" width=\"118\" height=\"170\" srcset=\"https:\/\/pascaleconettaevents.com\/wp-content\/uploads\/LOGO-PASCALE-CONETTA-208x300.jpg 208w, https:\/\/pascaleconettaevents.com\/wp-content\/uploads\/LOGO-PASCALE-CONETTA-711x1024.jpg 711w, https:\/\/pascaleconettaevents.com\/wp-content\/uploads\/LOGO-PASCALE-CONETTA-104x150.jpg 104w, https:\/\/pascaleconettaevents.com\/wp-content\/uploads\/LOGO-PASCALE-CONETTA-768x1106.jpg 768w, https:\/\/pascaleconettaevents.com\/wp-content\/uploads\/LOGO-PASCALE-CONETTA-1067x1536.jpg 1067w, https:\/\/pascaleconettaevents.com\/wp-content\/uploads\/LOGO-PASCALE-CONETTA.jpg 1181w\" sizes=\"auto, (max-width: 118px) 100vw, 118px\" \/>Passionn\u00e9e par la cr\u00e9ation, le monde artistique et la mise en relation avec l\u2019\u00e9v\u00e9nement. j&rsquo;ai choisi de faire passer vos messages, vos envies, vos id\u00e9es par la \u00ab th\u00e9\u00e2tralisation \u00bb de votre \u00e9v\u00e9nement.<\/span><\/p>\r\n<p><img loading=\"lazy\" decoding=\"async\" class=\"wp-image-328  alignright\" src=\"http:\/\/agence-evenements.fr\/wp-content\/uploads\/Pascale-Conetta-200x300.jpg\" alt=\"\" width=\"148\" height=\"222\" srcset=\"https:\/\/pascaleconettaevents.com\/wp-content\/uploads\/Pascale-Conetta-200x300.jpg 200w, https:\/\/pascaleconettaevents.com\/wp-content\/uploads\/Pascale-Conetta-100x150.jpg 100w, https:\/\/pascaleconettaevents.com\/wp-content\/uploads\/Pascale-Conetta-768x1152.jpg 768w, https:\/\/pascaleconettaevents.com\/wp-content\/uploads\/Pascale-Conetta-682x1024.jpg 682w, https:\/\/pascaleconettaevents.com\/wp-content\/uploads\/Pascale-Conetta.jpg 1333w\" sizes=\"auto, (max-width: 148px) 100vw, 148px\" \/><span style=\"font-size: inherit;\">Je mets en relation autour d\u2019une th\u00e9matique choisie, prescrite ou propos\u00e9e, des lieux atypiques, des artistes \u00e9tonnants, des traiteurs particuliers ou encore des animations adapt\u00e9es, afin de vous plonger dans une mise en sc\u00e8ne qui conf\u00e8re, \u00e0 l\u2019ensemble, un caract\u00e8re d\u2019exception.<\/span><\/p>\r\n<p>Je m\u2019engage \u00e0 respecter une d\u00e9marche des plus qualitative et originale en \u00e9tablissant ensemble un cahier des charges sur un projet r\u00e9pondant \u00e0 votre demande et \u00e0 votre budget.<\/p>\r\n<p>Au plaisir de vous rencontrer ! Artistiquement v\u00f4tre.<\/p>\r\n<p>Pascale Conetta<\/p>\r\n<h3 style=\"text-align: left;\"><strong><span style=\"font-size: 10pt;\">Contact: 06 84 73 98 87 <\/span><\/strong><\/h3>\r\n<h3 style=\"text-align: left;\"><strong><span style=\"font-size: 10pt;\">pascaleconettaevents@gmail.com<\/span><\/strong><\/h3>\r\n<p>&nbsp;<\/p>\r\n<p style=\"text-align: center;\"><span style=\"color: #7a7a85;\"><span style=\"font-size: 10pt;\"><strong>Organisateur Ev\u00e9nements Entreprise, Team Building, S\u00e9minaires, Coaching d&rsquo;entreprise, <\/strong><\/span><span style=\"font-size: 10pt;\"><strong>Animations artistiques, Animations Noel, Festivit\u00e9s Communales<\/strong><\/span><\/span><\/p>\r\n<p>&nbsp;<\/p>\r\n","protected":false},"excerpt":{"rendered":"<p>&nbsp; Passionn\u00e9e par la cr\u00e9ation, le monde artistique et la mise en relation avec l\u2019\u00e9v\u00e9nement. j&rsquo;ai choisi de faire passer vos messages, vos envies, vos id\u00e9es par la \u00ab th\u00e9\u00e2tralisation \u00bb de votre \u00e9v\u00e9nement. Je mets en relation autour d\u2019une th\u00e9matique choisie, prescrite ou propos\u00e9e, &hellip; <a href=\"https:\/\/pascaleconettaevents.com\/\" class=\"more-link\"><span>Continue reading<span class=\"screen-reader-text\">Bienvenue dans mon univers<\/span><\/span><\/a><\/p>\n","protected":false},"author":1,"featured_media":0,"parent":0,"menu_order":0,"comment_status":"closed","ping_status":"closed","template":"","meta":{"ngg_post_thumbnail":0,"footnotes":""},"class_list":["post-108","page","type-page","status-publish","hentry"],"_links":{"self":[{"href":"https:\/\/pascaleconettaevents.com\/index.php?rest_route=\/wp\/v2\/pages\/108","targetHints":{"allow":["GET"]}}],"collection":[{"href":"https:\/\/pascaleconettaevents.com\/index.php?rest_route=\/wp\/v2\/pages"}],"about":[{"href":"https:\/\/pascaleconettaevents.com\/index.php?rest_route=\/wp\/v2\/types\/page"}],"author":[{"embeddable":true,"href":"https:\/\/pascaleconettaevents.com\/index.php?rest_route=\/wp\/v2\/users\/1"}],"replies":[{"embeddable":true,"href":"https:\/\/pascaleconettaevents.com\/index.php?rest_route=%2Fwp%2Fv2%2Fcomments&post=108"}],"version-history":[{"count":40,"href":"https:\/\/pascaleconettaevents.com\/index.php?rest_route=\/wp\/v2\/pages\/108\/revisions"}],"predecessor-version":[{"id":782,"href":"https:\/\/pascaleconettaevents.com\/index.php?rest_route=\/wp\/v2\/pages\/108\/revisions\/782"}],"wp:attachment":[{"href":"https:\/\/pascaleconettaevents.com\/index.php?rest_route=%2Fwp%2Fv2%2Fmedia&parent=108"}],"curies":[{"name":"wp","href":"https:\/\/api.w.org\/{rel}","templated":true}]}}

<p style="text-align: left;">&nbsp;</p>
<p style="text-align: left;"><span style="font-size: inherit;"> <img loading="lazy" decoding="async" class="wp-image-741 alignleft" src="http://agence-evenements.fr/wp-content/uploads/LOGO-PASCALE-CONETTA-208x300.jpg" alt="" width="118" height="170" srcset="https://pascaleconettaevents.com/wp-content/uploads/LOGO-PASCALE-CONETTA-208x300.jpg 208w, https://pascaleconettaevents.com/wp-content/uploads/LOGO-PASCALE-CONETTA-711x1024.jpg 711w, https://pascaleconettaevents.com/wp-content/uploads/LOGO-PASCALE-CONETTA-104x150.jpg 104w, https://pascaleconettaevents.com/wp-content/uploads/LOGO-PASCALE-CONETTA-768x1106.jpg 768w, https://pascaleconettaevents.com/wp-content/uploads/LOGO-PASCALE-CONETTA-1067x1536.jpg 1067w, https://pascaleconettaevents.com/wp-content/uploads/LOGO-PASCALE-CONETTA.jpg 1181w" sizes="auto, (max-width: 118px) 100vw, 118px" />Passionnée par la création, le monde artistique et la mise en relation avec l’événement. j&rsquo;ai choisi de faire passer vos messages, vos envies, vos idées par la « théâtralisation » de votre événement.</span></p>
<p><img loading="lazy" decoding="async" class="wp-image-328  alignright" src="http://agence-evenements.fr/wp-content/uploads/Pascale-Conetta-200x300.jpg" alt="" width="148" height="222" srcset="https://pascaleconettaevents.com/wp-content/uploads/Pascale-Conetta-200x300.jpg 200w, https://pascaleconettaevents.com/wp-content/uploads/Pascale-Conetta-100x150.jpg 100w, https://pascaleconettaevents.com/wp-content/uploads/Pascale-Conetta-768x1152.jpg 768w, https://pascaleconettaevents.com/wp-content/uploads/Pascale-Conetta-682x1024.jpg 682w, https://pascaleconettaevents.com/wp-content/uploads/Pascale-Conetta.jpg 1333w" sizes="auto, (max-width: 148px) 100vw, 148px" /><span style="font-size: inherit;">Je mets en relation autour d’une thématique choisie, prescrite ou proposée, des lieux atypiques, des artistes étonnants, des traiteurs particuliers ou encore des animations adaptées, afin de vous plonger dans une mise en scène qui confère, à l’ensemble, un caractère d’exception.</span></p>
<p>Je m’engage à respecter une démarche des plus qualitative et originale en établissant ensemble un cahier des charges sur un projet répondant à votre demande et à votre budget.</p>
<p>Au plaisir de vous rencontrer ! Artistiquement vôtre.</p>
<p>Pascale Conetta</p>
<h3 style="text-align: left;"><strong><span style="font-size: 10pt;">Contact: 06 84 73 98 87 </span></strong></h3>
<h3 style="text-align: left;"><strong><span style="font-size: 10pt;">pascaleconettaevents@gmail.com</span></strong></h3>
<p>&nbsp;</p>
<p style="text-align: center;"><span style="color: #7a7a85;"><span style="font-size: 10pt;"><strong>Organisateur Evénements Entreprise, Team Building, Séminaires, Coaching d&rsquo;entreprise, </strong></span><span style="font-size: 10pt;"><strong>Animations artistiques, Animations Noel, Festivités Communales</strong></span></span></p>
<p>&nbsp;</p>

<p>&nbsp; Passionnée par la création, le monde artistique et la mise en relation avec l’événement. j&rsquo;ai choisi de faire passer vos messages, vos envies, vos idées par la « théâtralisation » de votre événement. Je mets en relation autour d’une thématique choisie, prescrite ou proposée, &hellip; <a href="https://pascaleconettaevents.com/" class="more-link"><span>Continue reading<span class="screen-reader-text">Bienvenue dans mon univers</span></span></a></p>
